f b**3 - 5*b**2 + 0 + 0*b - 7/24*b**4. List the prime factors of t(-3).
3
List the prime factors of (1180/16)/((-16)/(-192)).
3, 5, 59
Let f(y) = 2*y**2 - 4*y - 8. Let o be ((12/5)/(-1))/((-4)/10). What are the prime factors of f(o)?
2, 5
Suppose 97*a - 100*a + 10455 = 0. List the prime factors of a.
5, 17, 41
Let s be (8 + -2)*(29 + 2). Suppose -3*q + s = 63. List the prime factors of q.
41
Let d = 178 + -5. What are the prime factors of d?
173
Let q = 2 + 0. Let r be (-3)/q*(7 + -5). Let k(f) = f**3 + 6*f**2 + f - 4. List the prime factors of k(r).
2, 5
Let p be (-1 + 1)/(3 + -1). Suppose 3*f + 4*m - 145 = -p*m, 2*m = 3*f - 121. List the prime factors of f.
43
Let n(v) = 119*v + 32. List the prime factors of n(4).
2, 127
Let t = 815 + -430. List the prime factors of t.
5, 7, 11
Let t = 19 + -19. Let q be 2/(-7) - (-830)/14. Suppose -5*s - 15 = t, 0*n - 2*n = -5*s - q. List the prime factors of n.
2, 11
Let b be 16 + -7 + 3 + -1. Suppose -7*m + b*m - 44 = 0. What are the prime factors of m?
11
List the prime factors of (-3790)/(-15) + (-4)/6.
2, 3, 7
Suppose 20*i - 29420 = 22480. List the prime factors of i.
3, 5, 173
What are the prime factors of -1 - (-11)/(44/732)?
2, 7, 13
Suppose -5*q - z + 4 = 27, -3*q - 2*z = 11. What are the prime factors of (-5)/((-2)/q - (-31)/(-65))?
5, 13
What are the prime factors of (15 - 8) + 1192 - 2?
3, 7, 19
Let y(s) = s**2 + 10*s + 12. Let q be y(-9). Let k = -5 + q. List the prime factors of (k + (-3)/(-2))*-32.
2
Let h(g) = -g**2 - 2*g**2 + 4*g - g**2 - 7 - 10*g + g**3. Let o = 44 + -38. What are the prime factors of h(o)?
29
Suppose -4 = y - 7. Let k be y*(2 + 8/(-12)). Suppose -2*n - 3*f - 3 = k, -5*n + 2*f + 30 = 0. List the prime factors of n.
2
Let m(w) = w**3 + 7*w**2 - 7*w + 8. Let p be m(-8). Suppose 8*l - 1302 - 410 = p. List the prime factors of l.
2, 107
Suppose -48433 = -45*l + 62627. What are the prime factors of l?
2, 617
Let o = -7 - -11. Suppose 6*a - a = -4*q + 151, -o*a + 112 = q. List the prime factors of a.
3
Suppose 6*h + 16 = 8*h. Suppose 5*y - 37 = -2*i, 4*y = 3*i - i + h. What are the prime factors of i?
2, 3
Let u = 658 + -149. List the prime factors of u.
509
Let h = -102 + 123. List the prime factors of h.
3, 7
Let k(o) be the second derivative of o**3/3 + 6*o**2 - 14*o. What are the prime factors of k(16)?
2, 11
Let m(q) = 5*q + 15. Suppose 29 = -4*d + 9, 2*h - 41 = 3*d. List the prime factors of m(h).
2, 5
What are the prime factors of (-1)/5 + (-4840)/(-200)?
2, 3
Suppose -2*u + 5*u - 2445 = 0. Suppose -47 = 4*f - u. Suppose -5*t + f = -0*m + 4*m, 5*t - m - 202 = 0. What are the prime factors of t?
2, 5
Let i = 74 + -70. Suppose 4*n + 570 = 5*m, -4*m + i*n - 3*n + 456 = 0. What are the prime factors of m?
2, 3, 19
Let c(f) = f**3 - 6*f**2 + 2*f + 7. Let n be c(10). Let d = n + -285. List the prime factors of d.
2, 71
Suppose 0 = -11*m - 17*m + 9660. What are the prime factors of m?
3, 5, 23
Let z = -85 + 481. What are the prime factors of z?
2, 3, 11
Let m(k) = -k**2 + 7*k - 6. Let g be m(6). Suppose 0 = 4*v + 19 - 95. Suppose g*o = o - v. List the prime factors of o.
19
Suppose 3*v + 199 = 4*h, 4*v - 75 = -h - 30. What are the prime factors of h?
7
Suppose -11*u + 17*u = 3228. What are the prime factors of u?
2, 269
Let f = 112 - 141. Let g = f + 46. What are the prime factors of g?
17
Let h be 7/(-21)*18/(-2). Suppose 0 + h = c. Suppose 2*n = c*p + 105, n - 5*p = -3*n + 215. List the prime factors of n.
2, 3, 5
Let x = 45 - 39. Suppose -x*h + 1243 = 5*h. List the prime factors of h.
113
Let c(r) = 3*r**2 + 11*r - 4. Let p(d) = 4*d**2 + 17*d - 6. Let l(q) = -7*c(q) + 5*p(q). Let s be l(8). What are the prime factors of (3/s)/((-3)/32)?
2
Suppose g + 5773 = 4*r - 5351, -5*g + 13905 = 5*r. What are the prime factors of r?
3, 103
Let k(b) = -7*b**3 + b**2 - 3*b + 3. What are the prime factors of k(-4)?
479
Let s(u) = -972*u + 252. List the prime factors of s(-2).
2, 3, 61
Let z(x) = 8*x**3 - 2*x**2 - x. Let m be z(-1). Let g = 12 - m. List the prime factors of g - (-2)/(1/1).
23
Let k(t) = -142*t + 5. Let l be k(3). Let f = -285 - l. List the prime factors of f.
2, 17
Suppose -3*a = -y - 8*a + 478, 25 = 5*a. What are the prime factors of y?
3, 151
Suppose -4*h - 4 = -12. List the prime factors of 166/h + (-1)/(-2)*-2.
2, 41
Suppose -y - 2*y = -5*a - 31, -5*a - 15 = 5*y. List the prime factors of (0 - y/(-6))*93.
31
Let y(w) be the third derivative of -w**4/8 - 5*w**3/6 + 2*w**2. Let p be y(-10). List the prime factors of -2 + p + 0 - 2.
3, 7
Suppose -i + 4 = i. Suppose -3*p + i + 1 = 0. What are the prime factors of (-1 + 1 - -3)*p?
3
Let w be (-5 + (-590)/(-5))*3. Let k = w + -168. List the prime factors of k.
3, 19
Let g(f) be the first derivative of 1/2*f**2 + 2*f - 7/2*f**4 - 1/3*f**3 - 12. List the prime factors of g(-1).
2, 7
Suppose -1741*r + 3556 = -1737*r. What are the prime factors of r?
7, 127
Suppose 43*z - 33090 = 13*z. List the prime factors of z.
1103
Let k = -6 + 26. Let o = k - 18. Suppose -2*y + 103 = -5*b, o*b + 55 + 72 = 3*y. List the prime factors of y.
3, 13
Let h be ((-48)/28)/((-7)/((-13916)/(-8))). Let s = h + -209. List the prime factors of s.
7, 31
Suppose 0 = -4*b + 4, -4*s + 5*b + 1 = -58. Let y(i) = -i**2 + 5*i - 1. Let h be y(6). Let k = h + s. What are the prime factors of k?
3
Suppose 2*j - 3 = x, -5*x + 16 + 9 = 0. Suppose 2*b + 2*f - 110 = 0, 4*f + 103 = 2*b + 23. Suppose -j*g + b = g. What are the prime factors of g?
2, 5
Suppose 2149 - 193 = 4*r. Suppose -2*c - r = -3*m, c + c = 2*m - 486. List the prime factors of (c/9)/(-4)*3.
2, 5
Suppose -r = 4*v - 230 - 392, -5*v = -r - 782. What are the prime factors of v?
2, 3, 13
Suppose 0 = 3*k - 4*y + y - 1191, -3*y = 4*k - 1574. List the prime factors of k.
5, 79
Let l be -2 + 0/1 + 0. Let r = l + 5. Suppose r = -3*s + 30. What are the prime factors of s?
3
Suppose -2*v + m = -m - 406, 5*v = -2*m + 1029. Suppose 7*g = 2*g - v. Let h = 61 + g. List the prime factors of h.
2, 5
Let l(m) be the first derivative of 3*m**2 - 4*m + 3. Let c be l(2). Let h = 42 - c. What are the prime factors of h?
2, 17
Let g be (-3)/(-2) + (-2)/(-4). Suppose 3*b = 2*b - 2*k + 151, g*k = 10. List the prime factors of 6/(-2 + b/66).
2, 11
Suppose 0 = -u + 5*u - 268. Suppose -9*j + 393 = 51. Let q = u - j. List the prime factors of q.
29
Let x(f) = f**3 - 15*f**2 + 2*f - 20. What are the prime factors of x(17)?
2, 37
Let d(m) = -2*m**3 - 7*m**2 - 7*m - 9. Let b(t) = 2*t**3 + 7*t**2 + 8*t + 9. Let k(i) = 6*b(i) + 7*d(i). List the prime factors of k(-5).
71
Let h be (-102)/(-4) - 9/6. Let g(y) = 3*y + 6. Let z be g(-2). Suppose z = -o + 3*o - h. What are the prime factors of o?
2, 3
Suppose 0*k = 5*k - 30. Let s = k + 31. What are the prime factors of s?
37
What are the prime factors of ((-9)/27)/((1/(-2802))/1)?
2, 467
List the prime factors of (2 + 35/(-15))*3*-1342.
2, 11, 61
Suppose h = 2 + 3. Suppose h*q - 83 = 17. List the prime factors of q.
2, 5
Let q(z) = 78*z - 1. Let n be q(1). Suppose -2*j - 7 = -n. What are the prime factors of j?
5, 7
Let u(g) = -5*g**2. Let i be u(0). Let c = -3 + 5. Suppose 0 = -4*l + c*d + 56, -3*d - 2*d + 10 = i. What are the prime factors of l?
3, 5
Let c be (-150)/(-36) - 2/12. Suppose c*i - 3*h = -5*h + 334, 4*h = -12. Suppose -2*d = -7*d + i. What are the prime factors of d?
17
Let b(y) = y**2 - 3*y - 16. Let k = -27 - -35. List the prime factors of b(k).
2, 3
Suppose 10*q - 6*q = -96. Let g = -31 - q. Let o(l) = -8*l. What are the prime factors of o(g)?
2, 7
Let h = 472 + -254. List the prime factors of h.
2, 109
Suppose 108*n = 111*n - 3, 3511 = 3*i + n. What are the prime factors of i?
2, 3, 5, 13
Suppose 41*t - 38*t = -4*b + 2165, -4*t - 3*b + 2896 = 0. What are the prime factors of t?
727
Suppose -3*b + 217 = -5*g, -3*b + b - 4*g + 152 = 0. Suppose -3*q + f = -f - 226, -q + 2*f = -b. Let u = q - 46. What are the prime factors of u?
2, 3, 5
List the prime factors of 4 - (-210)/(-63) - 7856/(-6).
2, 5, 131
Let f(n) = 414*n**3 - 5*n**2 + 7*n + 5. List the prime factors of f(2).
7, 11, 43
Let n(d) = -13*d + 35. Let q be n(5). Let j(g) = -5*g - 47. List the prime factors of j(q).
103
Suppose -5*j = -3*j - 10. Let w be 6 + (-1 - (4 + -1)). Suppose j*l - w*l = 51. What are the prime